 What is x(-11)?
337
Let w(x) = -x**2 - 46*x - 419. What is w(-41)?
-214
Let j(h) = -170*h**2 - 1014*h - 6. Give j(-6).
-42
Let g(j) = -104*j + 1095. What is g(10)?
55
Let j(y) = -y**2 - 3*y + 174. What is j(-15)?
-6
Let a(g) = g**3 - 13*g**2 - 98*g + 88. What is a(18)?
-56
Let t(h) = -h + 284. Determine t(-28).
312
Let o(h) = -h**2 - 16*h - 42. Determine o(-13).
-3
Let h(y) = -y**3 + 8*y**2 - 41*y + 341. What is h(7)?
103
Let l(i) = -i**3 + 33*i**2 + 33*i + 104. Give l(34).
70
Let s(l) = l**2 + 14*l - 355. Give s(13).
-4
Let u(d) = 9*d**2 + 58*d + 41. What is u(-6)?
17
Let v(o) = -2*o**2 - 322*o + 16. Determine v(-161).
16
Let f(b) = -593*b + 29113. What is f(49)?
56
Let u(v) = v**2 - 29*v + 62. Give u(34).
232
Let u(g) = 2*g**3 - g**2 - 9*g + 16. Calculate u(3).
34
Let i(l) = 72*l**3 + 215*l**2 - 7*l - 12. Determine i(-3).
0
Let r(a) = -2*a**2 + 27*a - 97. Calculate r(4).
-21
Let n(j) = -2*j**2 - 65*j - 504. Give n(-20).
-4
Let a(m) = -19*m - 525. What is a(-27)?
-12
Let q(w) = 187*w - 88. Calculate q(1).
99
Let a(p) = -p**3 - p**2 - p + 13. Determine a(-4).
65
Let r(v) = 9*v**2 - 10*v - 29. Calculate r(-3).
82
Let s(b) = -28*b**2 + 1. Give s(1).
-27
Let d(f) = 2*f**2 + 47*f - 103. Calculate d(-25).
-28
Let p(x) = -x**3 - 16*x**2 - 3*x + 607. Determine p(-10).
37
Let p(k) = 15*k. Calculate p(10).
150
Let f(y) = -2*y**2 + 279*y - 8855. Give f(48).
-71
Let g(z) = -19*z**2 + 132*z + 12. Determine g(7).
5
Let u(q) = 221*q + 4413. Give u(-20).
-7
Let n(p) = p**3 + 24*p**2 + 33*p + 797. What is n(-24)?
5
Let n(j) = -24*j - 58. Give n(3).
-130
Let c(o) = 10*o**2 - 328*o - 54. Give c(33).
12
Let p(h) = -261*h - 234. Determine p(-1).
27
Let x(g) = -g**2 + 62*g - 442. What is x(54)?
-10
Let s(c) = -28*c**2 + 6*c + 25. What is s(-2)?
-99
Let j(d) = d**3 + 43*d**2 - 473*d - 304. Give j(-52).
-44
Let x(j) = 605*j + 1723. Determine x(-3).
-92
Let z(t) = -71*t + 787. Determine z(11).
6
Let x(q) = 4*q**3 + 3*q**2 - 7*q + 19. Give x(4).
295
Let r(b) = 4*b**3 + 35*b**2 + 23*b - 86. Give r(-8).
-78
Let u(j) = 445*j - 2384. Give u(6).
286
Let z(g) = -5*g**2 + 211*g + 892. Give z(46).
18
Let d(k) = k**3 + 6*k**2 + 31*k + 500. Give d(-9).
-22
Let b(x) = 13*x**2 + 9*x + 38. What is b(-3)?
128
Let v(x) = x**3 + 30*x**2 - 65*x - 3945. Determine v(-27).
-3
Let g(s) = -s**2 - 16*s + 254. Determine g(-26).
-6
Let w(v) = 24*v - 1094. Give w(45).
-14
Let a(x) = 5*x**2 + 39*x + 113. Determine a(-7).
85
Let j(s) = -4*s**2 - 286*s - 131. Determine j(-71).
11
Let b(w) = 964*w + 83. What is b(-1)?
-881
Let j(r) = 20*r**3 + 181*r**2 + 19*r + 93. Determine j(-9).
3
Let g(z) = 6*z + 159. Give g(-9).
105
Let t(w) = w**2 - 175*w + 6094. Give t(48).
-2
Let h(p) = -80*p + 1854. Calculate h(26).
-226
Let f(p) = 15*p + 673. Calculate f(-46).
-17
Let a(d) = -3*d**2 + 37*d - 112. Calculate a(6).
2
Let i(w) = 76*w + 1318. Give i(-17).
26
Let h(f) = -51*f - 422. Give h(-8).
-14
Let m(w) = -57*w - 393. Calculate m(-6).
-51
Let n(u) = -259*u + 8299. Calculate n(32).
11
Let w(r) = 65*r - 103. Calculate w(2).
27
Let q(o) = -o**2 - 325*o - 2805. Give q(-9).
39
Let h(b) = 11188*b + 134265. Determine h(-12).
9
Let z(g) = -63*g + 1621. Give z(23).
172
Let h(c) = -954*c + 42002. Calculate h(44).
26
Let w(x) = -275*x + 22553. What is w(82)?
3
Let m(g) = 2*g**2 + 316*g + 6475. What is m(-134)?
43
Let z(y) = 2*y - 366. What is z(29)?
-308
Let z(m) = -m**2 + 24*m + 902. What is z(44)?
22
Let s(d) = d**3 + 4*d**2 - 15*d + 11. Give s(-5).
61
Let x(b) = b**3 - 4*b**2 + 64. What is x(-3)?
1
Let u(t) = -t**3 + 13*t**2 - 25*t + 29. Determine u(13).
-296
Let y(c) = c**2 + 31*c + 220. Calculate y(-21).
10
Let z(i) = -i**3 + 40*i**2 - 53*i - 866. Determine z(38).
8
Let a(k) = k**3 - 26*k**2 - 98*k + 196. What is a(29)?
-123
Let k(a) = -6*a**2 - 8*a - 75. Calculate k(-6).
-243
Let n(y) = -3*y**2 + 148*y + 4446. Calculate n(-21).
15
Let o(h) = 2*h**3 + 22*h**2 + 48*h + 424. Calculate o(-9).
316
Let w(v) = -2*v**2 + 464*v - 921. What is w(2)?
-1
Let y(f) = 37*f**2 + 78*f + 25. Give y(-1).
-16
Let v(i) = 180*i - 11873. What is v(66)?
7
Let a(n) = n**3 + 5*n**2 - 15*n - 14. Determine a(3).
13
Let r(x) = 57*x**2 + 630*x + 40. Determine r(-11).
7
Let n(a) = 22*a**2 + 22*a + 80. Calculate n(-5).
520
Let q(o) = -2*o**2 + 6*o + 208. Determine q(-13).
-208
Let k(f) = 2*f**2 - 31*f + 111. Calculate k(7).
-8
Let q(i) = 5*i**3 + 144*i**2 - 30*i - 13. Calculate q(-29).
16
Let t(c) = -10*c - 396. Calculate t(-19).
-206
Let g(y) = 56*y - 155. What is g(2)?
-43
Let t(j) = -38*j - 418. What is t(-6)?
-190
Let c(h) = -34*h - 68. Calculate c(-3).
34
Let p(u) = u**3 + 41*u**2 - 46*u - 109. Calculate p(-42).
59
Let i(b) = -3*b**2 - 31*b + 140. Give i(5).
-90
Let n(r) = -66*r**2 - 178*r + 6. Calculate n(-3).
-54
Let k(t) = -925*t + 64756. Determine k(70).
6
Let m(s) = -70*s**2 + 8*s + 7. Give m(-2).
-289
Let s(f) = f**3 - 38*f**2 + 85*f - 228. Give s(36).
240
Let o(m) = -m**3 - 97*m**2 + 204*m + 611. Calculate o(-99).
17
Let w(s) = -763*s + 5342. Give w(7).
1
Let a(u) = 21*u**2 + 4*u + 3. What is a(-1)?
20
Let r(s) = 435*s - 54808. Give r(126).
2
Let w(c) = -c**2 + 11*c + 17. Give w(15).
-43
Let i(k) = k**2 + 114*k - 1233. Determine i(10).
7
Let v(d) = -d**3 + 5*d**2 + 27*d - 8. Calculate v(-7).
391
Let n(i) = 128*i**2 + 1153*i + 12. Determine n(-9).
3
Let z(v) = v**3 + 48*v**2 - 96*v + 203. Calculate z(-50).
3
Let q(v) = v**3 + 6*v**2 + 9*v + 8. Determine q(-4).
4
Let j(f) = 30808*f + 92441. Calculate j(-3).
17
Let z(o) = 349*o + 4040. Determine z(-12).
-148
Let m(x) = -x**2 + 577*x - 1152. Determine m(2).
-2
Let m(x) = 257*x - 1636. Calculate m(6).
-94
Let x(p) = -p**2 + 12*p + 304. Give x(24).
16
Let s(i) = i**2 - 15*i + 12. What is s(13)?
-14
Let t(c) = 118*c + 579. Calculate t(-5).
-11
Let w(o) = 2*o**2 + 61*o - 482. Determine w(-35).
-167
Let f(o) = 4*o**2 - 2*o - 60. Give f(0).
-60
Let r(c) = 5*c**2 + 88*c + 126. What is r(-16)?
-2
Let a(j) = -j**3 - 39*j**2 + 46*j + 255. What is a(-40)?
15
Let v(o) = 4*o - 216. Give v(39).
-60
Let i(k) = -167*k + 510. Determine i(2).
176
Let i(o) = -o**2 + 30*o + 298. Give i(38).
-6
Let r(c) = c**2 - 7*c - 78. Determine r(-6).
0
Let b(x) = -x**3 + 26*x**2 + 85*x + 10. Give b(-3).
16
Let c(n) = n**2 - 33*n - 1458. Calculate c(-25).
-8
Let y(p) = -63*p - 4854. Determine y(-77).
-3
Let f(s) = -s**3 + 69*s**2 + 2973*s - 287. What is f(99)?
10
Let n(w) = 5*w**2 + 260*w + 6. What is n(-51)?
-249
Let i(f) = f**3 - 11*f**2 + 31*f - 2. Calculate i(5).
3
Let c(d) = d**2 - 11*d - 527. What is c(-18)?
-5
Let j(h) = -4*h**3 + 14*h**2 - 12*h + 11. Determine j(3).
-7
Let t(m) = -20*m**2 + 57*m + 9. What is t(7)?
-572
Let o(f) = f**2 - 341*f - 699. Determine o(-2).
-13
Let l(t) = -t**3 - 150*t**2 + 774*t - 183. Calculate l(-155).
-28
Let q(l) = -209*l + 330. What is q(5)?
-715
Let s(b) = 33*b - 55. Determine s(2).
11
Let v(n) = -n**3 + 7*n**2 + 10*n - 101. Give v(6).
-5
Let b(s) = 2*s**3 - 56*s**2 + 23. Calculate b(28).
23
Let b(c) = -143*c + 9698. Determine b(68).
-26
Let p(i) = -i**3 - 6*i**2 + 22*i - 54. Give p(-10).
126
Let m(v) = -2*v**2 + 81*v - 242. Give m(37).
17
Let r(g) = 2*g**2 + 99*g + 950. Give r(-13).
1
Let c(p) = p**3 - 15*p - 27. What is c(-3)?
-9
Let w(h) = -h**3 + 35*h**2 - 87*h - 283. What is w(32)?
5
Let s(g) = g**3 + 94*g**2 + 166*g - 1659. Give s(-92).
-3
Let r(x) = -2*x**2 - 9*x + 29. Give r(-10).
-81
Let a(d) = 3*d**3 - 2*d**2 - 8*d + 4. Determine a(4).
132
Let o(l) = -28289*l - 84854. Give o(-3).
13
Let y(q) = -q**3 + 10*q**2 - 12*q - 41. Give y(8).
-9
Let m(z) = 14*z**2 + 10*z + 59. Give m(-8).
875
Let n(a) = a**2 + 262*a + 3223. What is n(-249)?
-14
Let l(x) = 2*x**2 + 160*x + 2168. Give l(-59).
-310
Let t(k) = -6*k**2 - 89*k + 1486. Give t(10).
-4
Let b(t) = 2*t**2 + 12*t - 944. Give b(19).
6
Let w(k) = -2*k**2 + 8*k + 275. Calculate w(-11).
-55
Let k(s) = 23*s**3 - 6*s + 16. Give k(2).
188
Let q(p) = -67*p + 41. Determine q(1).
-26
Let d(x) = x**3 + 109*x**2 + 307*x - 1168. What is d(-106)?
-2
Let z(q) = -q**2 - 501*q - 14575. Calculate z(-31).
-5
Let x(k) = -k**3 + 11*k**2 - 3*k - 49. What is x(10)?
21
Let d(x) = -2*x**3 - 103*x**2 + 269*x - 37. Determine d(-54).
17
Let o(z) = -z**3 - 6*z - 9. What is o(-3)?
36
Let n(r) = r**2 + 44*r + 230. Determine n(-31).
-173
Let x(k) =